 + g - 2. Determine n(2).
64
Let d(b) = 8*b + 13. Give d(-3).
-11
Let j(b) = b + 20. Give j(-9).
11
Let t(r) = -2*r**3 - 33*r**2 - 18*r - 22. Give t(-16).
10
Let z(l) = -l**2 + 83*l - 157. What is z(2)?
5
Let w(c) = -c**2 - 21*c + 68. What is w(-24)?
-4
Let j(y) = -y**3 + 2*y**2 - y + 1. Determine j(2).
-1
Let f(v) = -19*v**3 + 2*v**2 - 1. Calculate f(1).
-18
Let o(z) = z**3 + z + 40. What is o(0)?
40
Let i(g) = g**2 - 3*g - 3. Calculate i(3).
-3
Let m(y) = y**3 + 4*y**2 + 2*y + 2. Give m(-4).
-6
Let t(j) = -2*j**2 + 98*j - 5. Give t(0).
-5
Let n(u) = -4*u**2 - 10*u + 14. Calculate n(-6).
-70
Let f(l) = -5*l + 1. Determine f(6).
-29
Let t(s) = -s**3 + 2*s - 32. Give t(0).
-32
Let f(n) = -4*n - 49. Calculate f(-13).
3
Let p(h) = -h**3 + 23*h**2 - 41*h - 26. Give p(21).
-5
Let i(f) = -f**3 + 11*f**2 - 7*f + 2. Determine i(10).
32
Let z(u) = -16*u + 58. Give z(5).
-22
Let i(c) = 3*c**2 + 10*c + 2. Give i(-4).
10
Let c(d) = 2*d**2 - 3*d - 15. What is c(-5)?
50
Let x(l) = -5*l**2 + 106*l - 20. What is x(21)?
1
Let f(h) = -h**3 + 14*h**2 - 26*h + 18. Give f(12).
-6
Let z(y) = -y**3 - 12*y**2 - 6*y + 58. Calculate z(-11).
3
Let p(z) = -4*z - 18. Calculate p(-12).
30
Let o(u) = 5*u**2 + 8*u - 3. Determine o(-2).
1
Let m(f) = -f**3 - 11*f**2 - 20*f + 18. Give m(-8).
-14
Let q(s) = 54*s**2 - 1. Give q(1).
53
Let s(w) = -w**2 - 4. Calculate s(7).
-53
Let i(s) = s**2 + 8*s - 4. Give i(-8).
-4
Let p(t) = -6*t + 25. Give p(12).
-47
Let d(l) = l**3 + 3*l**2 - l + 4. Calculate d(-4).
-8
Let x(i) = i**2 + 4*i - 16. Give x(-7).
5
Let i(z) = z - 4. Determine i(-3).
-7
Let w(y) = -2*y**2 - 2*y + 18. Determine w(-3).
6
Let y(d) = 2*d + 14. Calculate y(8).
30
Let u(v) = 104*v + 3221. What is u(-31)?
-3
Let x(j) = j**3 - 21*j**2 - 20*j - 46. Determine x(22).
-2
Let p(d) = 4*d**2 + 2*d - 7. Give p(-3).
23
Let u(n) = n**3 - 19*n**2 + 37*n - 5. Give u(17).
46
Let v(k) = -k**3 + 3*k**2 + 6*k - 1. Give v(4).
7
Let w(s) = s**3 - 4*s**2 - s - 3. Give w(5).
17
Let o(t) = -t**3 + 5*t**2 + 7*t - 7. Calculate o(6).
-1
Let t(z) = 2*z**2 - z - 4. Give t(2).
2
Let q(t) = -2*t + 2. Give q(1).
0
Let s(b) = 2*b + 33. Calculate s(-17).
-1
Let j(b) = b**2 + 11*b - 8. Give j(-11).
-8
Let i(n) = -n**3 + 7*n**2 - 8*n - 6. Determine i(6).
-18
Let v(i) = i**3 + 11*i**2 + i + 15. Determine v(-11).
4
Let q(k) = 4*k. Give q(4).
16
Let g(z) = -z**3 - 9*z**2 + 3*z + 12. Calculate g(-9).
-15
Let r(h) = -5*h**2 + 5*h - 4. Determine r(1).
-4
Let v(t) = -40*t - 396. Determine v(-10).
4
Let x(z) = 2*z**2 + 8*z + 7. Determine x(-6).
31
Let z(f) = f**2 + 28*f + 190. Calculate z(-16).
-2
Let d(n) = -5*n + 24. What is d(14)?
-46
Let g(v) = 4*v. What is g(7)?
28
Let u(q) = -q + 19. Determine u(10).
9
Let u(l) = -l**2 + 17*l + 2. What is u(11)?
68
Let u(b) = 6*b. Give u(1).
6
Let g(w) = -w**2 - 17*w - 51. Calculate g(-7).
19
Let z(l) = 9*l + 52. Give z(-6).
-2
Let k(l) = 6*l**2 + 130*l - 34. Calculate k(-22).
10
Let y(j) = -j - 20. Calculate y(-18).
-2
Let j(l) = 13*l**2 + l - 1. Give j(1).
13
Let n(g) = 28*g + 5. What is n(-2)?
-51
Let y(v) = -10*v - 1. Calculate y(-6).
59
Let x(v) = -v**2 + 13*v - 34. Calculate x(4).
2
Let o(w) = 4*w - 28. Determine o(11).
16
Let w(x) = -x**3 - 7*x**2 - 4*x - 2. What is w(-4)?
-34
Let a(x) = 101*x + 6. What is a(0)?
6
Let b(h) = -2*h + 14. Determine b(10).
-6
Let m(f) = f**2 + 18*f + 40. What is m(-15)?
-5
Let a(s) = -4*s**3 - s**2 + 2*s - 3. Give a(1).
-6
Let z(u) = -2*u**2 + 18. What is z(-4)?
-14
Let w(o) = 176*o + 876. Calculate w(-5).
-4
Let a(h) = -274*h - 275. Calculate a(-1).
-1
Let d(h) = -16*h. Determine d(9).
-144
Let r(x) = x + 9. Calculate r(-30).
-21
Let d(h) = -h**2 + 7*h - 6. What is d(5)?
4
Let t(z) = -z**3 - 4*z**2 + 5. Give t(-4).
5
Let s(l) = 2*l**2 + 8*l + 23. Give s(-6).
47
Let p(r) = -r**2 - 12*r + 7. Give p(-12).
7
Let p(y) = -y**3 - 3*y**2 + y + 1. Determine p(-1).
-2
Let y(g) = -g**3 + 8*g**2 - 21*g + 78. Calculate y(7).
-20
Let q(o) = -3*o + 11. Calculate q(3).
2
Let b(q) = -7*q + 11. What is b(2)?
-3
Let p(m) = m - 11. Calculate p(10).
-1
Let q(x) = 7*x**2 - 32*x + 4. Give q(4).
-12
Let t(p) = -2*p - 24. Calculate t(-11).
-2
Let n(t) = t**3 - 3*t**2 - 2*t - 5. What is n(4)?
3
Let i(m) = 4*m + 44. Give i(-8).
12
Let y(o) = -10*o - 32. Calculate y(-5).
18
Let u(t) = 13*t - 32. What is u(4)?
20
Let r(x) = x**3 + 9*x**2 - 19*x - 18. What is r(-10)?
72
Let f(z) = -20*z - 344. Determine f(-17).
-4
Let z(b) = -b**2 + 13*b + 11. What is z(13)?
11
Let h(w) = -w**2 - 13*w + 21. Calculate h(-15).
-9
Let c(z) = -23*z**2 + 9*z + 13. Determine c(-2).
-97
Let c(f) = -f**2 - 14*f + 11. What is c(-15)?
-4
Let c(l) = -l**3 + 5*l**2 - 11*l + 13. Give c(3).
-2
Let f(p) = -2*p**2 - 8*p + 2. Determine f(-4).
2
Let k(a) = 16*a - 122. Give k(7).
-10
Let u(k) = k**3 - 8*k**2 + 5. Give u(8).
5
Let s(o) = -5*o - 35. Give s(-7).
0
Let z(h) = -6*h + 36. Calculate z(5).
6
Let x(y) = y**2 - 24. Determine x(0).
-24
Let a(n) = n**3 - 8*n**2 + 3*n - 24. Determine a(8).
0
Let i(g) = g**3 - 13*g**2 + 14*g - 23. What is i(12)?
1
Let i(m) = 5*m**2 + 2*m + 3. Calculate i(-1).
6
Let w(l) = l**3 - 8*l**2 + 2*l - 7. Give w(8).
9
Let y(b) = b**2 - 4*b - 4. What is y(-3)?
17
Let q(a) = a**2 + 26*a + 1. Calculate q(-25).
-24
Let u(h) = 17*h**3 + h**2 + 8*h + 8. What is u(-1)?
-16
Let l(v) = 32*v + 3. Determine l(2).
67
Let f(m) = m + 19. Give f(-5).
14
Let f(g) = 46*g - 99. What is f(3)?
39
Let w(m) = -2*m**2 + 15*m - 4. What is w(6)?
14
Let m(d) = 12*d + 1. Determine m(3).
37
Let h(k) = -k**3 - k**2 - k - 3. Calculate h(-3).
18
Let q(v) = v**3 + 40*v**2 + 77*v + 28. Calculate q(-38).
-10
Let q(j) = 43*j + 19. Calculate q(-5).
-196
Let p(q) = -13*q + 12. Determine p(2).
-14
Let b(o) = -o. Determine b(-3).
3
Let b(d) = -d**3 - 3*d**2 - 5*d - 5. Determine b(-2).
1
Let i(p) = 2*p**3 + 2*p**2 + 3*p + 3. Determine i(-3).
-42
Let k(t) = 6*t**2 - 3*t + 4. Give k(2).
22
Let o(l) = -10*l - 104. Determine o(-10).
-4
Let o(q) = -4*q + 12. Calculate o(6).
-12
Let u(q) = -q**2 + 3*q + 7. Determine u(4).
3
Let v(n) = -n**3 - 6*n**2 + 9*n - 5. Give v(-7).
-19
Let x(p) = -p**3 - 2*p - 2. Calculate x(-3).
31
Let q(t) = -t**2 - 6*t + 22. What is q(-8)?
6
Let z(o) = -30*o + 4. Determine z(1).
-26
Let u(j) = 3*j**3 - 27*j**2 + 6*j - 2. Determine u(9).
52
Let g(q) = q**3 - 15*q**2 - 2*q + 33. Calculate g(15).
3
Let j(z) = 48*z - 355. Calculate j(8).
29
Let u(t) = -t**2 - 30*t + 61. Give u(-32).
-3
Let m(z) = -2*z**2 - 7*z - 5. Calculate m(-3).
-2
Let o(m) = m**3 - 24*m**2 - 143*m + 10. Calculate o(-5).
0
Let i(a) = -7*a**2 - 3*a - 4. What is i(-3)?
-58
Let k(h) = 3*h**2 - 5*h + 7. Calculate k(3).
19
Let b(n) = -5*n + 38. Give b(8).
-2
Let w(r) = -r - 25. Determine w(-17).
-8
Let n(i) = 3*i**2 + 11*i - 7. What is n(-7)?
63
Let j(g) = 3*g**3 - 4*g**2 + g + 2. What is j(2)?
12
Let o(z) = 8*z - 61. Determine o(7).
-5
Let n(s) = -s**3 - 15*s**2 - s - 15. Determine n(-15).
0
Let y(k) = 34*k - 173. Determine y(5).
-3
Let l(g) = -g**3 + 7*g**2 - 2*g + 10. Determine l(7).
-4
Let y(j) = 3*j - 42. What is y(16)?
6
Let s(n) = 42*n + 3. Calculate s(2).
87
Let x(q) = 32*q - 180. What is x(6)?
12
Let l(p) = -p**2 + 17*p + 18. Calculate l(17).
18
Let u(f) = -9*f - 77. Determine u(-10).
13
Let d(x) = x**3 + 10*x**2 + 5*x - 13. Give d(-9).
23
Let a(n) = -n**2 - 13*n - 42. Calculate a(-6).
0
Let c(h) = -2*h - 25. Give c(-20).
15
Let n(t) = -35*t**2 + 2*t + 1. Give n(-1).
-36
Let c(h) = -h**3 + 24*h**2 + 26*h - 35. Calculate c(25).
-10
Let y(d) = d**3 - 7*d**2 - 7*d - 2. What is y(7)?
-51
Let w(v) = 183*v - 14. What is w(1)?
169
Let c(i) = -i**3 + 5*i**2 + 2*i. What is c(6)?
-24
Let a(s) = s**2 - 37*s - 408. Determine a(-9).
6
Let n(f) = 36*f**3 - 2*f**2 + 1. Calculate n(1).
35
Let j(i) = 3*i + 1. Give j(-1).
-2
Let f(c) = -c - 16. What is f(-21)?
5
Let f(v) = -v**3 - 10*v**2 + 11*v. Calculate f(-11).
0
Let x(z) = z**2 + 3*z. Give x(0).
0
Let l(a) = -a - 11. Determine l(7).
-18
Let u(h) = 25*h + 20. Give u(-1).
-5
Let o(y) = -y**2 - 8*y + 3. Determine o(-9).
-6
Let i(q) = 2*q + 12. Calculate i(-8).
-4
Let h(v) = -5*v - 32. Give h(-10).
18
Let l(x) = 8*x + 6. Determine l(-6).
-42
Let o(z) = z**3 - 4*z**2 + z + 5. Calculate o(2).
-1
Let j(s) = s**3 + 7*s**2 - 10*s - 14. Determine j(-8).
2
Let m(b) = -b**3 - 5*b**2 + 9*b + 1